{"id":2565,"date":"2023-07-09T16:39:29","date_gmt":"2023-07-09T14:39:29","guid":{"rendered":"https:\/\/gesangverein-hofbieber.de\/?page_id=2565"},"modified":"2023-07-09T16:39:29","modified_gmt":"2023-07-09T14:39:29","slug":"sommergedoens-2023","status":"publish","type":"page","link":"https:\/\/gesangverein-hofbieber.de\/index.php\/sommergedoens-2023\/","title":{"rendered":"Sommerged\u00f6ns 2023"},"content":{"rendered":"\n<p><\/p>\n\n\n\n<div class=\"wp-block-columns is-layout-flex wp-container-core-columns-is-layout-9d6595d7 wp-block-columns-is-layout-flex\">\n<div class=\"wp-block-column is-layout-flow wp-block-column-is-layout-flow\" style=\"flex-basis:15%\"><\/div>\n\n\n\n<div class=\"wp-block-column is-layout-flow wp-block-column-is-layout-flow\" style=\"flex-basis:70%\">\n<p class=\"has-drop-cap has-text-align-left has-large-font-size\">Sommerged\u00f6ns <br>am 8.Juli 2023 <br>an der Rh\u00f6nclubh\u00fctte<\/p>\n\n\n\n<p>Wei\u00dft Du noch im letzten Jahr, da warst Du doch hoffentlich auch da.<\/p>\n<\/div>\n\n\n\n<div class=\"wp-block-column is-layout-flow wp-block-column-is-layout-flow\" style=\"flex-basis:15%\"><\/div>\n<\/div>\n\n\n\n<p class=\"has-text-align-center has-medium-font-size\">Der <strong>Gesangverein 1882 Hofbieber e.V.<\/strong> l\u00e4dt alle aktiven und passiven Mitglieder sowie deren Familien zum <strong>Sommer-Ged\u00f6ns<\/strong> ein. <\/p>\n\n\n\n<p class=\"has-text-align-center has-medium-font-size\">Bei <strong>Kaffee &amp; Kuchen<\/strong> sowie <strong>W\u00fcrstchen vom Grill<\/strong> und <strong>Kaltgetr\u00e4nken<\/strong> wollen wir unterhaltsame Stunden mit Euch verbringen<\/p>\n\n\n\n<p class=\"has-text-align-center has-medium-font-size\">Wer einen musikalischen, t\u00e4nzerischen oder Wortbeitrag leisten will, ist dazu herzlich eingeladen.<\/p>\n\n\n\n<p class=\"has-text-align-center has-large-font-size\"><strong>Kuchenspenden<\/strong> sind willkommen!<\/p>\n\n\n\n<p class=\"has-text-align-center has-medium-font-size\">Bitte, <strong>meldet Euch bis zum 5.7. an<\/strong>, damit wir besser planen k\u00f6nnen<br>Kontakt: Gitty (06657) 1383 o. Albrecht (06657) 8430<\/p>\n\n\n\n<p>Mi. 09.08.23<\/p>\n\n\n\n<figure class=\"wp-block-gallery has-nested-images columns-default is-cropped wp-block-gallery-1 is-layout-flex wp-block-gallery-is-layout-flex\">\n<figure class=\"wp-block-image size-large\"><img loading=\"lazy\" decoding=\"async\" width=\"1024\" height=\"768\" data-id=\"2566\" src=\"https:\/\/gesangverein-hofbieber.de\/wp-content\/uploads\/2023\/07\/IMG-20230709-WA0003-1024x768.jpg\" alt=\"\" class=\"wp-image-2566\" srcset=\"https:\/\/gesangverein-hofbieber.de\/wp-content\/uploads\/2023\/07\/IMG-20230709-WA0003-1024x768.jpg 1024w, https:\/\/gesangverein-hofbieber.de\/wp-content\/uploads\/2023\/07\/IMG-20230709-WA0003-300x225.jpg 300w, https:\/\/gesangverein-hofbieber.de\/wp-content\/uploads\/2023\/07\/IMG-20230709-WA0003-768x576.jpg 768w, https:\/\/gesangverein-hofbieber.de\/wp-content\/uploads\/2023\/07\/IMG-20230709-WA0003-1536x1152.jpg 1536w, https:\/\/gesangverein-hofbieber.de\/wp-content\/uploads\/2023\/07\/IMG-20230709-WA0003.jpg 2016w\" sizes=\"auto, (max-width: 1024px) 100vw, 1024px\" \/><\/figure>\n\n\n\n<figure class=\"wp-block-image size-large\"><img loading=\"lazy\" decoding=\"async\" width=\"1024\" height=\"768\" data-id=\"2570\" src=\"https:\/\/gesangverein-hofbieber.de\/wp-content\/uploads\/2023\/07\/IMG-20230709-WA0006-1024x768.jpg\" alt=\"\" class=\"wp-image-2570\" srcset=\"https:\/\/gesangverein-hofbieber.de\/wp-content\/uploads\/2023\/07\/IMG-20230709-WA0006-1024x768.jpg 1024w, https:\/\/gesangverein-hofbieber.de\/wp-content\/uploads\/2023\/07\/IMG-20230709-WA0006-300x225.jpg 300w, https:\/\/gesangverein-hofbieber.de\/wp-content\/uploads\/2023\/07\/IMG-20230709-WA0006-768x576.jpg 768w, https:\/\/gesangverein-hofbieber.de\/wp-content\/uploads\/2023\/07\/IMG-20230709-WA0006-1536x1152.jpg 1536w, https:\/\/gesangverein-hofbieber.de\/wp-content\/uploads\/2023\/07\/IMG-20230709-WA0006.jpg 2016w\" sizes=\"auto, (max-width: 1024px) 100vw, 1024px\" \/><\/figure>\n\n\n\n<figure class=\"wp-block-image size-large\"><img loading=\"lazy\" decoding=\"async\" width=\"1024\" height=\"768\" data-id=\"2568\" src=\"https:\/\/gesangverein-hofbieber.de\/wp-content\/uploads\/2023\/07\/IMG-20230709-WA0008-1024x768.jpg\" alt=\"\" class=\"wp-image-2568\" srcset=\"https:\/\/gesangverein-hofbieber.de\/wp-content\/uploads\/2023\/07\/IMG-20230709-WA0008-1024x768.jpg 1024w, https:\/\/gesangverein-hofbieber.de\/wp-content\/uploads\/2023\/07\/IMG-20230709-WA0008-300x225.jpg 300w, https:\/\/gesangverein-hofbieber.de\/wp-content\/uploads\/2023\/07\/IMG-20230709-WA0008-768x576.jpg 768w, https:\/\/gesangverein-hofbieber.de\/wp-content\/uploads\/2023\/07\/IMG-20230709-WA0008-1536x1152.jpg 1536w, https:\/\/gesangverein-hofbieber.de\/wp-content\/uploads\/2023\/07\/IMG-20230709-WA0008.jpg 2016w\" sizes=\"auto, (max-width: 1024px) 100vw, 1024px\" \/><\/figure>\n\n\n\n<figure class=\"wp-block-image size-large\"><img loading=\"lazy\" decoding=\"async\" width=\"1024\" height=\"768\" data-id=\"2569\" src=\"https:\/\/gesangverein-hofbieber.de\/wp-content\/uploads\/2023\/07\/IMG-20230709-WA0007-1024x768.jpg\" alt=\"\" class=\"wp-image-2569\" srcset=\"https:\/\/gesangverein-hofbieber.de\/wp-content\/uploads\/2023\/07\/IMG-20230709-WA0007-1024x768.jpg 1024w, https:\/\/gesangverein-hofbieber.de\/wp-content\/uploads\/2023\/07\/IMG-20230709-WA0007-300x225.jpg 300w, https:\/\/gesangverein-hofbieber.de\/wp-content\/uploads\/2023\/07\/IMG-20230709-WA0007-768x576.jpg 768w, https:\/\/gesangverein-hofbieber.de\/wp-content\/uploads\/2023\/07\/IMG-20230709-WA0007-1536x1152.jpg 1536w, https:\/\/gesangverein-hofbieber.de\/wp-content\/uploads\/2023\/07\/IMG-20230709-WA0007.jpg 2016w\" sizes=\"auto, (max-width: 1024px) 100vw, 1024px\" \/><\/figure>\n\n\n\n<figure class=\"wp-block-image size-large\"><img loading=\"lazy\" decoding=\"async\" width=\"1024\" height=\"768\" data-id=\"2567\" src=\"https:\/\/gesangverein-hofbieber.de\/wp-content\/uploads\/2023\/07\/IMG-20230709-WA0011-1024x768.jpg\" alt=\"\" class=\"wp-image-2567\" srcset=\"https:\/\/gesangverein-hofbieber.de\/wp-content\/uploads\/2023\/07\/IMG-20230709-WA0011-1024x768.jpg 1024w, https:\/\/gesangverein-hofbieber.de\/wp-content\/uploads\/2023\/07\/IMG-20230709-WA0011-300x225.jpg 300w, https:\/\/gesangverein-hofbieber.de\/wp-content\/uploads\/2023\/07\/IMG-20230709-WA0011-768x576.jpg 768w, https:\/\/gesangverein-hofbieber.de\/wp-content\/uploads\/2023\/07\/IMG-20230709-WA0011-1536x1152.jpg 1536w, https:\/\/gesangverein-hofbieber.de\/wp-content\/uploads\/2023\/07\/IMG-20230709-WA0011.jpg 2016w\" sizes=\"auto, (max-width: 1024px) 100vw, 1024px\" \/><\/figure>\n<\/figure>\n","protected":false},"excerpt":{"rendered":"<p>Sommerged\u00f6ns am 8.Juli 2023 an der Rh\u00f6nclubh\u00fctte Wei\u00dft Du noch im letzten Jahr, da warst Du doch hoffentlich auch da. Der Gesangverein 1882 Hofbieber e.V. l\u00e4dt alle aktiven und passiven Mitglieder sowie deren Familien zum Sommer-Ged\u00f6ns ein. Bei Kaffee &amp; &hellip; <a href=\"https:\/\/gesangverein-hofbieber.de\/index.php\/sommergedoens-2023\/\">Continue reading <span class=\"meta-nav\">&rarr;<\/span><\/a><\/p>\n","protected":false},"author":666667,"featured_media":0,"parent":0,"menu_order":0,"comment_status":"closed","ping_status":"closed","template":"","meta":{"ngg_post_thumbnail":0,"footnotes":""},"class_list":["post-2565","page","type-page","status-publish","hentry"],"_links":{"self":[{"href":"https:\/\/gesangverein-hofbieber.de\/index.php\/wp-json\/wp\/v2\/pages\/2565","targetHints":{"allow":["GET"]}}],"collection":[{"href":"https:\/\/gesangverein-hofbieber.de\/index.php\/wp-json\/wp\/v2\/pages"}],"about":[{"href":"https:\/\/gesangverein-hofbieber.de\/index.php\/wp-json\/wp\/v2\/types\/page"}],"author":[{"embeddable":true,"href":"https:\/\/gesangverein-hofbieber.de\/index.php\/wp-json\/wp\/v2\/users\/666667"}],"replies":[{"embeddable":true,"href":"https:\/\/gesangverein-hofbieber.de\/index.php\/wp-json\/wp\/v2\/comments?post=2565"}],"version-history":[{"count":0,"href":"https:\/\/gesangverein-hofbieber.de\/index.php\/wp-json\/wp\/v2\/pages\/2565\/revisions"}],"wp:attachment":[{"href":"https:\/\/gesangverein-hofbieber.de\/index.php\/wp-json\/wp\/v2\/media?parent=2565"}],"curies":[{"name":"wp","href":"https:\/\/api.w.org\/{rel}","templated":true}]}}

Sommergedöns 2023

<p></p>



<div class="wp-block-columns is-layout-flex wp-container-core-columns-is-layout-9d6595d7 wp-block-columns-is-layout-flex">
<div class="wp-block-column is-layout-flow wp-block-column-is-layout-flow" style="flex-basis:15%"></div>



<div class="wp-block-column is-layout-flow wp-block-column-is-layout-flow" style="flex-basis:70%">
<p class="has-drop-cap has-text-align-left has-large-font-size">Sommergedöns <br>am 8.Juli 2023 <br>an der Rhönclubhütte</p>



<p>Weißt Du noch im letzten Jahr, da warst Du doch hoffentlich auch da.</p>
</div>



<div class="wp-block-column is-layout-flow wp-block-column-is-layout-flow" style="flex-basis:15%"></div>
</div>



<p class="has-text-align-center has-medium-font-size">Der <strong>Gesangverein 1882 Hofbieber e.V.</strong> lädt alle aktiven und passiven Mitglieder sowie deren Familien zum <strong>Sommer-Gedöns</strong> ein. </p>



<p class="has-text-align-center has-medium-font-size">Bei <strong>Kaffee &amp; Kuchen</strong> sowie <strong>Würstchen vom Grill</strong> und <strong>Kaltgetränken</strong> wollen wir unterhaltsame Stunden mit Euch verbringen</p>



<p class="has-text-align-center has-medium-font-size">Wer einen musikalischen, tänzerischen oder Wortbeitrag leisten will, ist dazu herzlich eingeladen.</p>



<p class="has-text-align-center has-large-font-size"><strong>Kuchenspenden</strong> sind willkommen!</p>



<p class="has-text-align-center has-medium-font-size">Bitte, <strong>meldet Euch bis zum 5.7. an</strong>, damit wir besser planen können<br>Kontakt: Gitty (06657) 1383 o. Albrecht (06657) 8430</p>



<p>Mi. 09.08.23</p>



<figure class="wp-block-gallery has-nested-images columns-default is-cropped wp-block-gallery-1 is-layout-flex wp-block-gallery-is-layout-flex">
<figure class="wp-block-image size-large"><img loading="lazy" decoding="async" width="1024" height="768" data-id="2566" src="https://gesangverein-hofbieber.de/wp-content/uploads/2023/07/IMG-20230709-WA0003-1024x768.jpg" alt="" class="wp-image-2566" srcset="https://gesangverein-hofbieber.de/wp-content/uploads/2023/07/IMG-20230709-WA0003-1024x768.jpg 1024w, https://gesangverein-hofbieber.de/wp-content/uploads/2023/07/IMG-20230709-WA0003-300x225.jpg 300w, https://gesangverein-hofbieber.de/wp-content/uploads/2023/07/IMG-20230709-WA0003-768x576.jpg 768w, https://gesangverein-hofbieber.de/wp-content/uploads/2023/07/IMG-20230709-WA0003-1536x1152.jpg 1536w, https://gesangverein-hofbieber.de/wp-content/uploads/2023/07/IMG-20230709-WA0003.jpg 2016w" sizes="auto, (max-width: 1024px) 100vw, 1024px" /></figure>



<figure class="wp-block-image size-large"><img loading="lazy" decoding="async" width="1024" height="768" data-id="2570" src="https://gesangverein-hofbieber.de/wp-content/uploads/2023/07/IMG-20230709-WA0006-1024x768.jpg" alt="" class="wp-image-2570" srcset="https://gesangverein-hofbieber.de/wp-content/uploads/2023/07/IMG-20230709-WA0006-1024x768.jpg 1024w, https://gesangverein-hofbieber.de/wp-content/uploads/2023/07/IMG-20230709-WA0006-300x225.jpg 300w, https://gesangverein-hofbieber.de/wp-content/uploads/2023/07/IMG-20230709-WA0006-768x576.jpg 768w, https://gesangverein-hofbieber.de/wp-content/uploads/2023/07/IMG-20230709-WA0006-1536x1152.jpg 1536w, https://gesangverein-hofbieber.de/wp-content/uploads/2023/07/IMG-20230709-WA0006.jpg 2016w" sizes="auto, (max-width: 1024px) 100vw, 1024px" /></figure>



<figure class="wp-block-image size-large"><img loading="lazy" decoding="async" width="1024" height="768" data-id="2568" src="https://gesangverein-hofbieber.de/wp-content/uploads/2023/07/IMG-20230709-WA0008-1024x768.jpg" alt="" class="wp-image-2568" srcset="https://gesangverein-hofbieber.de/wp-content/uploads/2023/07/IMG-20230709-WA0008-1024x768.jpg 1024w, https://gesangverein-hofbieber.de/wp-content/uploads/2023/07/IMG-20230709-WA0008-300x225.jpg 300w, https://gesangverein-hofbieber.de/wp-content/uploads/2023/07/IMG-20230709-WA0008-768x576.jpg 768w, https://gesangverein-hofbieber.de/wp-content/uploads/2023/07/IMG-20230709-WA0008-1536x1152.jpg 1536w, https://gesangverein-hofbieber.de/wp-content/uploads/2023/07/IMG-20230709-WA0008.jpg 2016w" sizes="auto, (max-width: 1024px) 100vw, 1024px" /></figure>



<figure class="wp-block-image size-large"><img loading="lazy" decoding="async" width="1024" height="768" data-id="2569" src="https://gesangverein-hofbieber.de/wp-content/uploads/2023/07/IMG-20230709-WA0007-1024x768.jpg" alt="" class="wp-image-2569" srcset="https://gesangverein-hofbieber.de/wp-content/uploads/2023/07/IMG-20230709-WA0007-1024x768.jpg 1024w, https://gesangverein-hofbieber.de/wp-content/uploads/2023/07/IMG-20230709-WA0007-300x225.jpg 300w, https://gesangverein-hofbieber.de/wp-content/uploads/2023/07/IMG-20230709-WA0007-768x576.jpg 768w, https://gesangverein-hofbieber.de/wp-content/uploads/2023/07/IMG-20230709-WA0007-1536x1152.jpg 1536w, https://gesangverein-hofbieber.de/wp-content/uploads/2023/07/IMG-20230709-WA0007.jpg 2016w" sizes="auto, (max-width: 1024px) 100vw, 1024px" /></figure>



<figure class="wp-block-image size-large"><img loading="lazy" decoding="async" width="1024" height="768" data-id="2567" src="https://gesangverein-hofbieber.de/wp-content/uploads/2023/07/IMG-20230709-WA0011-1024x768.jpg" alt="" class="wp-image-2567" srcset="https://gesangverein-hofbieber.de/wp-content/uploads/2023/07/IMG-20230709-WA0011-1024x768.jpg 1024w, https://gesangverein-hofbieber.de/wp-content/uploads/2023/07/IMG-20230709-WA0011-300x225.jpg 300w, https://gesangverein-hofbieber.de/wp-content/uploads/2023/07/IMG-20230709-WA0011-768x576.jpg 768w, https://gesangverein-hofbieber.de/wp-content/uploads/2023/07/IMG-20230709-WA0011-1536x1152.jpg 1536w, https://gesangverein-hofbieber.de/wp-content/uploads/2023/07/IMG-20230709-WA0011.jpg 2016w" sizes="auto, (max-width: 1024px) 100vw, 1024px" /></figure>
</figure>

<p>Sommergedöns am 8.Juli 2023 an der Rhönclubhütte Weißt Du noch im letzten Jahr, da warst Du doch hoffentlich auch da. Der Gesangverein 1882 Hofbieber e.V. lädt alle aktiven und passiven Mitglieder sowie deren Familien zum Sommer-Gedöns ein. Bei Kaffee &amp; &hellip; <a href="https://gesangverein-hofbieber.de/index.php/sommergedoens-2023/">Continue reading <span class="meta-nav">&rarr;</span></a></p>
