{"id":2562,"date":"2023-07-09T15:59:16","date_gmt":"2023-07-09T13:59:16","guid":{"rendered":"https:\/\/gesangverein-hofbieber.de\/?page_id=2562"},"modified":"2023-07-09T15:59:16","modified_gmt":"2023-07-09T13:59:16","slug":"sommergedoens-2022","status":"publish","type":"page","link":"https:\/\/gesangverein-hofbieber.de\/index.php\/sommergedoens-2022\/","title":{"rendered":"Sommerged\u00f6ns 2022"},"content":{"rendered":"\n<h2 class=\"wp-block-heading has-text-align-center\">Unser Sommerged\u00f6ns am 3. September 2022 war ein Erfolg<\/h2>\n\n\n\n<div class=\"wp-block-columns is-layout-flex wp-container-core-columns-is-layout-9d6595d7 wp-block-columns-is-layout-flex\">\n<div class=\"wp-block-column is-layout-flow wp-block-column-is-layout-flow\"><div class=\"wp-block-image\">\n<figure class=\"aligncenter size-full is-resized\"><img loading=\"lazy\" decoding=\"async\" src=\"https:\/\/www.gesangverein-hofbieber.de\/wp-content\/uploads\/2022\/09\/Sommergedoens2.jpg\" alt=\"\" class=\"wp-image-2247\" width=\"750\" height=\"563\"\/><\/figure>\n<\/div><\/div>\n\n\n\n<div class=\"wp-block-column is-layout-flow wp-block-column-is-layout-flow\"><div class=\"wp-block-image\">\n<figure class=\"aligncenter size-full is-resized\"><img loading=\"lazy\" decoding=\"async\" src=\"https:\/\/www.gesangverein-hofbieber.de\/wp-content\/uploads\/2022\/09\/Sommergedoens1.jpg\" alt=\"\" class=\"wp-image-2245\" width=\"750\" height=\"563\" srcset=\"https:\/\/gesangverein-hofbieber.de\/wp-content\/uploads\/2022\/09\/Sommergedoens1.jpg 1000w, https:\/\/gesangverein-hofbieber.de\/wp-content\/uploads\/2022\/09\/Sommergedoens1-300x225.jpg 300w, https:\/\/gesangverein-hofbieber.de\/wp-content\/uploads\/2022\/09\/Sommergedoens1-768x576.jpg 768w\" sizes=\"auto, (max-width: 750px) 100vw, 750px\" \/><\/figure>\n<\/div><\/div>\n\n\n\n<div class=\"wp-block-column is-layout-flow wp-block-column-is-layout-flow\"><div class=\"wp-block-image\">\n<figure class=\"aligncenter size-full is-resized\"><img loading=\"lazy\" decoding=\"async\" src=\"https:\/\/www.gesangverein-hofbieber.de\/wp-content\/uploads\/2022\/09\/Sommergedoens3.jpg\" alt=\"\" class=\"wp-image-2246\" width=\"750\" height=\"529\" srcset=\"https:\/\/gesangverein-hofbieber.de\/wp-content\/uploads\/2022\/09\/Sommergedoens3.jpg 1000w, https:\/\/gesangverein-hofbieber.de\/wp-content\/uploads\/2022\/09\/Sommergedoens3-300x212.jpg 300w, https:\/\/gesangverein-hofbieber.de\/wp-content\/uploads\/2022\/09\/Sommergedoens3-768x541.jpg 768w\" sizes=\"auto, (max-width: 750px) 100vw, 750px\" \/><\/figure>\n<\/div><\/div>\n<\/div>\n\n\n\n<hr class=\"wp-block-separator has-alpha-channel-opacity\"\/>\n\n\n\n<div class=\"wp-block-columns is-layout-flex wp-container-core-columns-is-layout-9d6595d7 wp-block-columns-is-layout-flex\">\n<div class=\"wp-block-column is-layout-flow wp-block-column-is-layout-flow\" style=\"flex-basis:100%\">\n<div class=\"wp-block-columns is-layout-flex wp-container-core-columns-is-layout-9d6595d7 wp-block-columns-is-layout-flex\">\n<div class=\"wp-block-column is-layout-flow wp-block-column-is-layout-flow\" style=\"flex-basis:48%\">\n<pre class=\"wp-block-verse has-text-align-left has-medium-font-size\" style=\"font-style:normal;font-weight:400\">Als Petrus um 14 Uhr vom Himmel runterblickt,\nEr an der Rh\u00f6nclubh\u00fctte unsere Vorbereitungen erblickt.\nDer Grill war gerade ins rechte Licht ger\u00fcckt,\nwurde uns einen Schauer vorbei geschickt.\n\nDer Kaffee gekocht, der Kuchen geschnitten.\nJetzt hatten wir wirklich genug gelitten!\nKaum war's 15 Uhr, dann gings wie im Nu,\nDie Himmelsschleusen war'n wieder zu.\n\nEs wurde gegessen, gequatscht und gelacht,\nMancher hatte noch Freunde des Vereins mitgebracht\nEs brauchte keiner lange fragen,\nes gab auch verschiedene Gesangseinlagen.\n\nWir danken f\u00fcr Kuchen, Torte, Kaffee,\nDer im Hintergrund wirkenden Fee\nEs lieferte die Wurst, in jeder Coleur,\nunser Albrecht, der Bratwurst-Jongleur.\n\n\n<\/pre>\n<\/div>\n\n\n\n<div class=\"wp-block-column has-black-background-color has-background is-layout-flow wp-block-column-is-layout-flow\" style=\"flex-basis:2px\"><\/div>\n\n\n\n<div class=\"wp-block-column is-layout-flow wp-block-column-is-layout-flow\" style=\"flex-basis:48%\">\n<pre class=\"wp-block-verse has-medium-font-size\">Mit Bratwurst im Br\u00f6tchen und Bier in der Hand\nDer Abend seinen Einklang fand\nBeim Gesang im sch\u00f6nen Rh\u00f6nerland\nSo mancher Schnapps sein Ende fand\n\nDie Nacht brach unerbittlich herein \nWir singen weiter im Kerzenschein\nEin paar Taschenlampen und auch Funzeln,\nbrachten die Stimmen und G\u00e4ste zum Schmunzeln\n\nKalt wurd's uns langsam und m\u00fcde dazu,\nDarum Lichter aus, den K\u00fchlwagen zu.\nDie Party ist aus,\njetzt geht es nach Haus.\n\nWaren wir am Abend noch so gut drauf,\nAm n\u00e4chsten Morgen r\u00e4umten wir auf.\nEs war so gut wie gar nichts verdreckt,\nIhr hinterlie\u00dfet die H\u00fctte fast wie geleckt.\n\n<\/pre>\n<\/div>\n<\/div>\n<\/div>\n<\/div>\n\n\n\n<pre class=\"wp-block-verse has-text-align-center\" style=\"font-size:24px;font-style:normal;font-weight:600\">Gemeinsam im Verein ist das A und das O,\nUnd im n\u00e4chsten Jahr: Da Capo ?\n\nVielen Dank an Alle !\n<\/pre>\n\n\n\n<p>\/<\/p>\n","protected":false},"excerpt":{"rendered":"<p>Unser Sommerged\u00f6ns am 3. September 2022 war ein Erfolg Als Petrus um 14 Uhr vom Himmel runterblickt, Er an der Rh\u00f6nclubh\u00fctte unsere Vorbereitungen erblickt. Der Grill war gerade ins rechte Licht ger\u00fcckt, wurde uns einen Schauer vorbei geschickt. Der Kaffee &hellip; <a href=\"https:\/\/gesangverein-hofbieber.de\/index.php\/sommergedoens-2022\/\">Continue reading <span class=\"meta-nav\">&rarr;<\/span><\/a><\/p>\n","protected":false},"author":666667,"featured_media":0,"parent":0,"menu_order":0,"comment_status":"closed","ping_status":"closed","template":"","meta":{"ngg_post_thumbnail":0,"footnotes":""},"class_list":["post-2562","page","type-page","status-publish","hentry"],"_links":{"self":[{"href":"https:\/\/gesangverein-hofbieber.de\/index.php\/wp-json\/wp\/v2\/pages\/2562","targetHints":{"allow":["GET"]}}],"collection":[{"href":"https:\/\/gesangverein-hofbieber.de\/index.php\/wp-json\/wp\/v2\/pages"}],"about":[{"href":"https:\/\/gesangverein-hofbieber.de\/index.php\/wp-json\/wp\/v2\/types\/page"}],"author":[{"embeddable":true,"href":"https:\/\/gesangverein-hofbieber.de\/index.php\/wp-json\/wp\/v2\/users\/666667"}],"replies":[{"embeddable":true,"href":"https:\/\/gesangverein-hofbieber.de\/index.php\/wp-json\/wp\/v2\/comments?post=2562"}],"version-history":[{"count":0,"href":"https:\/\/gesangverein-hofbieber.de\/index.php\/wp-json\/wp\/v2\/pages\/2562\/revisions"}],"wp:attachment":[{"href":"https:\/\/gesangverein-hofbieber.de\/index.php\/wp-json\/wp\/v2\/media?parent=2562"}],"curies":[{"name":"wp","href":"https:\/\/api.w.org\/{rel}","templated":true}]}}