{"id":1891,"date":"2021-01-31T00:28:47","date_gmt":"2021-01-30T23:28:47","guid":{"rendered":"https:\/\/www.gesangverein-hofbieber.de\/?page_id=1891"},"modified":"2021-02-08T11:45:11","modified_gmt":"2021-02-08T10:45:11","slug":"eu-luit-es-waert-ernst","status":"publish","type":"page","link":"https:\/\/gesangverein-hofbieber.de\/index.php\/eu-luit-es-waert-ernst\/","title":{"rendered":"&#8222;Eu Luit es w\u00e4rt ernst&#8230;&#8220;"},"content":{"rendered":"\n<p class=\"has-medium-font-size\">So oder so \u00e4hnlich h\u00e4tte es heute am 30.Januar 2021 um 19:30 Uhr hinter der B\u00fchne des Bunten Abends 2021 geklungen. <br>Aber es w\u00e4re nicht &#8222;die gleiche Prozedur wie jedes Jahr&#8220; gewesen. Unser Urgestein Waldemar, ohne den ein Bunter Abend gar nicht vorstellbar ist, ist nicht mehr dabei. Waldemar hat im Sommer letzten Jahres nochmal eines seiner Lieblingslieder &#8222;Kanapee&#8220; gesungen:<\/p>\n\n\n\n<p class=\"has-text-align-center\">Die Seele schwinget sich, wohl in die H\u00f6h, juchee,<br>der Leib, der bleibet uff dem Kanapee.<br>Ich sag der Welt ade, und aus des Himmels H\u00f6h<br>gr\u00fc\u00df ich mein gutes altes Kanapee.<\/p>\n\n\n\n<p class=\"has-text-align-center has-medium-font-size\">Auch in des Himmels H\u00f6h wird er bestimmt wieder sagen:<\/p>\n\n\n\n<h3 class=\"has-text-align-center wp-block-heading\">&#8222;Eu Luit es w\u00e4rt ernst&#8230;&#8220; <\/h3>\n\n\n\n<p class=\"has-medium-font-size\">aber er hat bestimmt nicht gedacht, dass wir das Theater und die Bunten Abende wegen Corona absagen m\u00fcssen. <\/p>\n\n\n\n<p class=\"has-medium-font-size\">Aber wir geben uns nicht geschlagen und im Gedenken an ihn:<\/p>\n\n\n\n<h2 class=\"has-text-align-center has-pale-cyan-blue-background-color has-text-color has-background wp-block-heading\" style=\"color:#00784c\">Wir machen ernst !<br>Unser <span class=\"has-inline-color has-vivid-red-color\">Bunter<\/span> <span style=\"color:#005275\" class=\"has-inline-color\">Abend<\/span> <span class=\"has-inline-color has-luminous-vivid-amber-color\">2<\/span>0<span class=\"has-inline-color has-luminous-vivid-orange-color\">2<\/span><span class=\"has-inline-color has-vivid-purple-color\">1<\/span><\/h2>\n\n\n\n<h3 class=\"has-text-align-center wp-block-heading\">&#8222;Eu luit es w\u00e4rt ernst&#8230;&#8220;<\/h3>\n\n\n\nngg_shortcode_0_placeholder\n\n\n\n<div class=\"wp-block-columns is-layout-flex wp-container-core-columns-is-layout-9d6595d7 wp-block-columns-is-layout-flex\">\n<div class=\"wp-block-column is-layout-flow wp-block-column-is-layout-flow\">\n<p class=\"has-text-align-center has-medium-font-size\">Wir freuen uns auf n\u00e4chstes Jahr,<br>und das ist Euch doch sicher klar:<br>Wenn wir wieder auf der B\u00fchne stehn,<br>wolln wir Euch pers\u00f6nlich in die Augen sehen!<\/p>\n\n\n\n<p class=\"has-text-align-center has-medium-font-size\">Mit Euch Singen, Tanzen, Lachen,<br>Im Saal dann noch die Sau rauslassen.<br>Mit den Freunden sich getroffen<br>und die Sektbar ausgesoffen.<\/p>\n<\/div>\n\n\n\n<div class=\"wp-block-column is-layout-flow wp-block-column-is-layout-flow\">\n<p class=\"has-text-align-center has-medium-font-size\">So nimmt der Abend seinen Lauf<br>Bis morgends geht die Sonne auf<br>Doch dann ist wirklich Schluss <br>Weil jeder einmal Schlafen muss<br>(Zum Abschied gibt&#8217;s vielleicht nen Kuss)<\/p>\n\n\n\n<p class=\"has-text-align-center has-medium-font-size\">Auch &#8222;In the year twenty-two&#8220;<br>schl\u00e4gt der Bunte Abend zu.<br>Nimm mit, bevor du Dich entfernst<br><span class=\"has-inline-color has-vivid-red-color\"><strong>&#8222;Eu Luit d\u00f4s w\u00f4ar \u00e4rnst&#8230;&#8220;<\/strong><\/span><span class=\"has-inline-color has-vivid-red-color\"><\/span><\/p>\n<\/div>\n<\/div>\n\n\n\n<p class=\"has-text-align-center has-medium-font-size\">Wir verabschieden Euch an diesem Bunten Abend 2021 mit  unserem ganz besonderen Lied:<\/p>\n\n\n\n<div class=\"wp-block-image\"><figure class=\"aligncenter size-large is-resized\"><img loading=\"lazy\" decoding=\"async\" src=\"https:\/\/www.gesangverein-hofbieber.de\/wp-content\/uploads\/2021\/02\/Durfkeend.jpg\" alt=\"\" class=\"wp-image-2086\" width=\"752\" height=\"756\" srcset=\"https:\/\/gesangverein-hofbieber.de\/wp-content\/uploads\/2021\/02\/Durfkeend.jpg 752w, https:\/\/gesangverein-hofbieber.de\/wp-content\/uploads\/2021\/02\/Durfkeend-298x300.jpg 298w, https:\/\/gesangverein-hofbieber.de\/wp-content\/uploads\/2021\/02\/Durfkeend-150x150.jpg 150w\" sizes=\"auto, (max-width: 752px) 100vw, 752px\" \/><\/figure><\/div>\n\n\n\n<hr class=\"wp-block-separator is-style-wide\"\/>\n\n\n\n<p><a href=\"https:\/\/www.gesangverein-hofbieber.de\/\" data-type=\"page\" data-id=\"2\">zur Startseite<\/a><\/p>\n","protected":false},"excerpt":{"rendered":"<p>So oder so \u00e4hnlich h\u00e4tte es heute am 30.Januar 2021 um 19:30 Uhr hinter der B\u00fchne des Bunten Abends 2021 geklungen. Aber es w\u00e4re nicht &#8222;die gleiche Prozedur wie jedes Jahr&#8220; gewesen. Unser Urgestein Waldemar, ohne den ein Bunter Abend &hellip; <a href=\"https:\/\/gesangverein-hofbieber.de\/index.php\/eu-luit-es-waert-ernst\/\">Continue reading <span class=\"meta-nav\">&rarr;<\/span><\/a><\/p>\n","protected":false},"author":666667,"featured_media":0,"parent":0,"menu_order":0,"comment_status":"closed","ping_status":"closed","template":"","meta":{"ngg_post_thumbnail":0,"footnotes":""},"class_list":["post-1891","page","type-page","status-publish","hentry"],"_links":{"self":[{"href":"https:\/\/gesangverein-hofbieber.de\/index.php\/wp-json\/wp\/v2\/pages\/1891","targetHints":{"allow":["GET"]}}],"collection":[{"href":"https:\/\/gesangverein-hofbieber.de\/index.php\/wp-json\/wp\/v2\/pages"}],"about":[{"href":"https:\/\/gesangverein-hofbieber.de\/index.php\/wp-json\/wp\/v2\/types\/page"}],"author":[{"embeddable":true,"href":"https:\/\/gesangverein-hofbieber.de\/index.php\/wp-json\/wp\/v2\/users\/666667"}],"replies":[{"embeddable":true,"href":"https:\/\/gesangverein-hofbieber.de\/index.php\/wp-json\/wp\/v2\/comments?post=1891"}],"version-history":[{"count":0,"href":"https:\/\/gesangverein-hofbieber.de\/index.php\/wp-json\/wp\/v2\/pages\/1891\/revisions"}],"wp:attachment":[{"href":"https:\/\/gesangverein-hofbieber.de\/index.php\/wp-json\/wp\/v2\/media?parent=1891"}],"curies":[{"name":"wp","href":"https:\/\/api.w.org\/{rel}","templated":true}]}}