{"id":1700,"date":"2019-07-01T21:15:27","date_gmt":"2019-07-01T19:15:27","guid":{"rendered":"http:\/\/gesangverein-hofbieber.de\/?page_id=1700"},"modified":"2019-07-01T21:16:33","modified_gmt":"2019-07-01T19:16:33","slug":"chorserenade-2019","status":"publish","type":"page","link":"https:\/\/gesangverein-hofbieber.de\/index.php\/konzerte\/chorserenade-2019\/","title":{"rendered":"Chorserenade 2019"},"content":{"rendered":"\n<div class=\"wp-block-media-text alignwide\"><figure class=\"wp-block-media-text__media\"><img loading=\"lazy\" decoding=\"async\" width=\"713\" height=\"1009\" src=\"https:\/\/gesangverein-hofbieber.de\/wp-content\/uploads\/2019\/05\/Plakat-1-A5.jpg\" alt=\"\" class=\"wp-image-1640\" srcset=\"https:\/\/gesangverein-hofbieber.de\/wp-content\/uploads\/2019\/05\/Plakat-1-A5.jpg 713w, https:\/\/gesangverein-hofbieber.de\/wp-content\/uploads\/2019\/05\/Plakat-1-A5-212x300.jpg 212w\" sizes=\"auto, (max-width: 713px) 100vw, 713px\" \/><\/figure><div class=\"wp-block-media-text__content\">\n<p class=\"has-medium-font-size\">Am 25. Mai 2019 um 19.30 Uhr veranstalten wir unsere Chorserenade zum Thema: <\/p>\n\n\n\n<p class=\"has-large-font-size\"> <strong>&#8222;Sagen, Mythen und Legenden&#8220;<\/strong> <\/p>\n\n\n\n<p class=\"has-medium-font-size\">Zu Geh\u00f6r bringen wir Lieder und Arien zu:<br>Gl\u00fcck und Wohlstand, die Fl\u00fcchtigkeit des Lebens, sagenumwobene H\u00f6hen, abenteuerliche Tiefen, Tr\u00e4umern, Abenteuer, &#8230; <\/p>\n\n\n\n<p>Komponisten:&nbsp;A. Lortzing, R. Schumann, E. Grieg, T. N\u00fcdling u.A. <\/p>\n\n\n\n<p class=\"has-medium-font-size\">Solisten:<br> <img loading=\"lazy\" decoding=\"async\" width=\"150\" height=\"160\" class=\"wp-image-1654\" style=\"width: 150px;\" src=\"https:\/\/gesangverein-hofbieber.de\/wp-content\/uploads\/2019\/05\/TinaBier.jpg\" alt=\"\" srcset=\"https:\/\/gesangverein-hofbieber.de\/wp-content\/uploads\/2019\/05\/TinaBier.jpg 1037w, https:\/\/gesangverein-hofbieber.de\/wp-content\/uploads\/2019\/05\/TinaBier-282x300.jpg 282w, https:\/\/gesangverein-hofbieber.de\/wp-content\/uploads\/2019\/05\/TinaBier-768x818.jpg 768w, https:\/\/gesangverein-hofbieber.de\/wp-content\/uploads\/2019\/05\/TinaBier-962x1024.jpg 962w\" sizes=\"auto, (max-width: 150px) 100vw, 150px\" \/> Tina Bier <br><img loading=\"lazy\" decoding=\"async\" width=\"150\" height=\"150\" class=\"wp-image-1664\" style=\"width: 150px;\" src=\"https:\/\/gesangverein-hofbieber.de\/wp-content\/uploads\/2019\/05\/Christoph_Bier-e1558218482429.jpg\" alt=\"\" srcset=\"https:\/\/gesangverein-hofbieber.de\/wp-content\/uploads\/2019\/05\/Christoph_Bier-e1558218482429.jpg 534w, https:\/\/gesangverein-hofbieber.de\/wp-content\/uploads\/2019\/05\/Christoph_Bier-e1558218482429-150x150.jpg 150w, https:\/\/gesangverein-hofbieber.de\/wp-content\/uploads\/2019\/05\/Christoph_Bier-e1558218482429-300x300.jpg 300w\" sizes=\"auto, (max-width: 150px) 100vw, 150px\" \/> Christoph Bier <\/p>\n<\/div><\/div>\n","protected":false},"excerpt":{"rendered":"<p>Am 25. Mai 2019 um 19.30 Uhr veranstalten wir unsere Chorserenade zum Thema: &#8222;Sagen, Mythen und Legenden&#8220; Zu Geh\u00f6r bringen wir Lieder und Arien zu:Gl\u00fcck und Wohlstand, die Fl\u00fcchtigkeit des Lebens, sagenumwobene H\u00f6hen, abenteuerliche Tiefen, Tr\u00e4umern, Abenteuer, &#8230; Komponisten:&nbsp;A. Lortzing, &hellip; <a href=\"https:\/\/gesangverein-hofbieber.de\/index.php\/konzerte\/chorserenade-2019\/\">Continue reading <span class=\"meta-nav\">&rarr;<\/span><\/a><\/p>\n","protected":false},"author":666667,"featured_media":0,"parent":195,"menu_order":0,"comment_status":"closed","ping_status":"closed","template":"","meta":{"ngg_post_thumbnail":0,"footnotes":""},"class_list":["post-1700","page","type-page","status-publish","hentry"],"_links":{"self":[{"href":"https:\/\/gesangverein-hofbieber.de\/index.php\/wp-json\/wp\/v2\/pages\/1700","targetHints":{"allow":["GET"]}}],"collection":[{"href":"https:\/\/gesangverein-hofbieber.de\/index.php\/wp-json\/wp\/v2\/pages"}],"about":[{"href":"https:\/\/gesangverein-hofbieber.de\/index.php\/wp-json\/wp\/v2\/types\/page"}],"author":[{"embeddable":true,"href":"https:\/\/gesangverein-hofbieber.de\/index.php\/wp-json\/wp\/v2\/users\/666667"}],"replies":[{"embeddable":true,"href":"https:\/\/gesangverein-hofbieber.de\/index.php\/wp-json\/wp\/v2\/comments?post=1700"}],"version-history":[{"count":0,"href":"https:\/\/gesangverein-hofbieber.de\/index.php\/wp-json\/wp\/v2\/pages\/1700\/revisions"}],"up":[{"embeddable":true,"href":"https:\/\/gesangverein-hofbieber.de\/index.php\/wp-json\/wp\/v2\/pages\/195"}],"wp:attachment":[{"href":"https:\/\/gesangverein-hofbieber.de\/index.php\/wp-json\/wp\/v2\/media?parent=1700"}],"curies":[{"name":"wp","href":"https:\/\/api.w.org\/{rel}","templated":true}]}}

<div class="wp-block-media-text alignwide"><figure class="wp-block-media-text__media"><img loading="lazy" decoding="async" width="713" height="1009" src="https://gesangverein-hofbieber.de/wp-content/uploads/2019/05/Plakat-1-A5.jpg" alt="" class="wp-image-1640" srcset="https://gesangverein-hofbieber.de/wp-content/uploads/2019/05/Plakat-1-A5.jpg 713w, https://gesangverein-hofbieber.de/wp-content/uploads/2019/05/Plakat-1-A5-212x300.jpg 212w" sizes="auto, (max-width: 713px) 100vw, 713px" /></figure><div class="wp-block-media-text__content">
<p class="has-medium-font-size">Am 25. Mai 2019 um 19.30 Uhr veranstalten wir unsere Chorserenade zum Thema: </p>



<p class="has-large-font-size"> <strong>&#8222;Sagen, Mythen und Legenden&#8220;</strong> </p>



<p class="has-medium-font-size">Zu Gehör bringen wir Lieder und Arien zu:<br>Glück und Wohlstand, die Flüchtigkeit des Lebens, sagenumwobene Höhen, abenteuerliche Tiefen, Träumern, Abenteuer, &#8230; </p>



<p>Komponisten:&nbsp;A. Lortzing, R. Schumann, E. Grieg, T. Nüdling u.A. </p>



<p class="has-medium-font-size">Solisten:<br> <img loading="lazy" decoding="async" width="150" height="160" class="wp-image-1654" style="width: 150px;" src="https://gesangverein-hofbieber.de/wp-content/uploads/2019/05/TinaBier.jpg" alt="" srcset="https://gesangverein-hofbieber.de/wp-content/uploads/2019/05/TinaBier.jpg 1037w, https://gesangverein-hofbieber.de/wp-content/uploads/2019/05/TinaBier-282x300.jpg 282w, https://gesangverein-hofbieber.de/wp-content/uploads/2019/05/TinaBier-768x818.jpg 768w, https://gesangverein-hofbieber.de/wp-content/uploads/2019/05/TinaBier-962x1024.jpg 962w" sizes="auto, (max-width: 150px) 100vw, 150px" /> Tina Bier <br><img loading="lazy" decoding="async" width="150" height="150" class="wp-image-1664" style="width: 150px;" src="https://gesangverein-hofbieber.de/wp-content/uploads/2019/05/Christoph_Bier-e1558218482429.jpg" alt="" srcset="https://gesangverein-hofbieber.de/wp-content/uploads/2019/05/Christoph_Bier-e1558218482429.jpg 534w, https://gesangverein-hofbieber.de/wp-content/uploads/2019/05/Christoph_Bier-e1558218482429-150x150.jpg 150w, https://gesangverein-hofbieber.de/wp-content/uploads/2019/05/Christoph_Bier-e1558218482429-300x300.jpg 300w" sizes="auto, (max-width: 150px) 100vw, 150px" /> Christoph Bier </p>
</div></div>

<p>Am 25. Mai 2019 um 19.30 Uhr veranstalten wir unsere Chorserenade zum Thema: &#8222;Sagen, Mythen und Legenden&#8220; Zu Gehör bringen wir Lieder und Arien zu:Glück und Wohlstand, die Flüchtigkeit des Lebens, sagenumwobene Höhen, abenteuerliche Tiefen, Träumern, Abenteuer, &#8230; Komponisten:&nbsp;A. Lortzing, &hellip; <a href="https://gesangverein-hofbieber.de/index.php/konzerte/chorserenade-2019/">Continue reading <span class="meta-nav">&rarr;</span></a></p>
