{"id":114,"date":"2018-06-09T05:55:35","date_gmt":"2018-06-09T05:55:35","guid":{"rendered":"http:\/\/gesangverein-hofbieber.de\/?page_id=114"},"modified":"2025-03-08T23:36:49","modified_gmt":"2025-03-08T22:36:49","slug":"der-vorstand","status":"publish","type":"page","link":"https:\/\/gesangverein-hofbieber.de\/index.php\/der-vorstand\/","title":{"rendered":"Der Vorstand"},"content":{"rendered":"\n<h2 class=\"wp-block-heading\">Gesch\u00e4ftsf\u00fchrender Vorstand<\/h2>\n\n\n\n<figure class=\"wp-block-table is-style-stripes\"><table><tbody><tr><td>1. Vorsitzende<\/td><td>Brigitte Ebert<\/td><\/tr><tr><td>2. Vorsitzende<\/td><td>Sabine Seitz<\/td><\/tr><tr><td>3. Vorsitzender<\/td><td>Albrecht Sailer<\/td><\/tr><tr><td>Kassierer<\/td><td>Peter Fleischmann<\/td><\/tr><tr><td>Frauenreferentin<\/td><td>&#8212;<\/td><\/tr><tr><td>Jugendvertreterin<\/td><td>N.N.<\/td><\/tr><tr><td>1. Schriftf\u00fchrerin<\/td><td>Verena Reinhard-Menz<\/td><\/tr><tr><td><\/td><td><\/td><\/tr><\/tbody><\/table><\/figure>\n\n\n\n<h2 class=\"wp-block-heading\">erweiteter Vorstand<\/h2>\n\n\n\n<figure class=\"wp-block-table is-style-stripes\"><table><tbody><tr><td>2. Schriftf\u00fchrer<\/td><td>Christoph P\u00fcntmann<\/td><\/tr><tr><td>2. Kassierer<\/td><td>Heiko Haas<\/td><\/tr><tr><td>1. Notenwart<\/td><td>Sybille Haas<\/td><\/tr><tr><td>2. Notenwart<\/td><td>Frederike Ziegler<\/td><\/tr><tr><td> Pressewart <\/td><td>Christoph Hosenfeld<\/td><\/tr><tr><td>1. Beisitzerin<\/td><td>&#8212;<\/td><\/tr><tr><td>2. Beisitzerin<\/td><td>&#8212;<\/td><\/tr><\/tbody><\/table><\/figure>\n","protected":false},"excerpt":{"rendered":"<p>Gesch\u00e4ftsf\u00fchrender Vorstand 1. Vorsitzende Brigitte Ebert 2. Vorsitzende Sabine Seitz 3. Vorsitzender Albrecht Sailer Kassierer Peter Fleischmann Frauenreferentin &#8212; Jugendvertreterin N.N. 1. Schriftf\u00fchrerin Verena Reinhard-Menz erweiteter Vorstand 2. Schriftf\u00fchrer Christoph P\u00fcntmann 2. Kassierer Heiko Haas 1. Notenwart Sybille Haas 2. &hellip; <a href=\"https:\/\/gesangverein-hofbieber.de\/index.php\/der-vorstand\/\">Continue reading <span class=\"meta-nav\">&rarr;<\/span><\/a><\/p>\n","protected":false},"author":1,"featured_media":0,"parent":0,"menu_order":0,"comment_status":"closed","ping_status":"closed","template":"","meta":{"ngg_post_thumbnail":0,"footnotes":""},"class_list":["post-114","page","type-page","status-publish","hentry"],"_links":{"self":[{"href":"https:\/\/gesangverein-hofbieber.de\/index.php\/wp-json\/wp\/v2\/pages\/114","targetHints":{"allow":["GET"]}}],"collection":[{"href":"https:\/\/gesangverein-hofbieber.de\/index.php\/wp-json\/wp\/v2\/pages"}],"about":[{"href":"https:\/\/gesangverein-hofbieber.de\/index.php\/wp-json\/wp\/v2\/types\/page"}],"author":[{"embeddable":true,"href":"https:\/\/gesangverein-hofbieber.de\/index.php\/wp-json\/wp\/v2\/users\/1"}],"replies":[{"embeddable":true,"href":"https:\/\/gesangverein-hofbieber.de\/index.php\/wp-json\/wp\/v2\/comments?post=114"}],"version-history":[{"count":0,"href":"https:\/\/gesangverein-hofbieber.de\/index.php\/wp-json\/wp\/v2\/pages\/114\/revisions"}],"wp:attachment":[{"href":"https:\/\/gesangverein-hofbieber.de\/index.php\/wp-json\/wp\/v2\/media?parent=114"}],"curies":[{"name":"wp","href":"https:\/\/api.w.org\/{rel}","templated":true}]}}